 - -36). Give x(r).
1
Let d(c) = -2*c**3 + 3*c**2 - c - 30. Let h be (0/(-9))/((-3)/(-1 - -4)). What is d(h)?
-30
Let u(c) be the first derivative of 17*c**4/2 - 2*c**3/3 + c**2/2 + 965. Let n be (-2)/1*1/(-2). Calculate u(n).
33
Let l(i) = -6*i - 2. Let o(p) = p**2 + 5*p + 22. Let y be o(-7). Let m = 36 - y. Suppose -9 = 2*u - m*u + 5*h, h - 12 = -5*u. Calculate l(u).
-20
Let y(n) = 209*n**2 - 525*n**2 + n**3 + 40 - 40*n + 299*n**2. Calculate y(19).
2
Let z(y) = -2*y**3 + 4*y**2 + 2*y. Suppose 1356 = 148*r + 352*r - 161*r. Determine z(r).
-56
Suppose -3*w = -3*o + 9, -4*o - o - 4*w + 60 = 0. Let j(q) = -3*q**2 + 2*q + 1. Let g(x) = -17*x**2 + 9*x - 28. Let u(y) = g(y) - 6*j(y). Give u(o).
6
Let u(o) be the second derivative of o**2 + 0 + 46*o - 1/3*o**3. Give u(-1).
4
Let u(b) = -1304*b**3 - 9*b - 1298*b**3 - 22*b**2 + 353 + 5*b + 2601*b**3. Calculate u(-21).
-4
Let n(a) = a**3 + 13*a**2 - 48*a - 270. Let y be n(-15). Let w(k) be the first derivative of -2 + 6*k - 1/4*k**4 + 1/2*k**2 - 1/3*k**3. Calculate w(y).
6
Suppose -740 + 68 = 7*u. Let m be (-15)/6*u/(-40) - -15. Let w(c) = c**3 - 8*c**2 - 10*c - 3. Calculate w(m).
-12
Suppose -61*h + 1 = -62*h. Let r(d) = -6*d - 4. Let c(x) = -x - 2. Let b(p) = h*r(p) + 4*c(p). Give b(3).
2
Let x(c) = 12*c - 289. Let g(d) = 8*d**2 + 36*d - 115. Let b be g(-7). Give x(b).
11
Let q(v) = v**3 + 8*v**2 + 12*v - 5. Let x be 2 - (-6)/(-15)*20. Determine q(x).
-5
Let i(j) = 3*j**2 + 1. Let n be i(-1). Let k be (-4)/(-14) - 36*(-8)/21. Suppose -10 = -5*l, 2*t = -l + n - k. Let y(q) = q**2 + 7*q + 5. Determine y(t).
-1
Let d(u) be the second derivative of u**4/4 + 8*u**3 + 7*u**2/2 - 2103*u. Give d(-16).
7
Let p(l) be the first derivative of l**2 + l + 64. Let v(o) = o**2 - 20*o + 5. Let c(u) = 5*p(u) + v(u). Determine c(9).
1
Let u(k) be the first derivative of -k**2/2 + 4*k + 50. Let j be 3/(-4) + 57/12. Determine u(j).
0
Let w(d) = -d**3 - 6*d**2 - 5*d - 9. Let i be w(-6). Let a = i + -21. Let j(k) = -139 + 139 + a*k**2 + 3*k**2. Determine j(-1).
3
Let f(h) = 3*h**2 + 17*h + 22. Let d(a) = -4*a**2 - 25*a - 33. Let u(s) = -s**2 + 5*s + 5. Let v be u(5). Let j(b) = v*d(b) + 7*f(b). Determine j(8).
5
Let y = -3672 + 3680. Let f(k) = -4*k - 2. Give f(y).
-34
Let v be 1/3 - (-38)/(-6). Suppose -2*m = -3*o + 24, -4*m = -3*o - 5 + 23. Let d(l) = -1216*l**3 + 1215*l**3 + 4*l**2 - o*l**2. Give d(v).
0
Let u(n) = -539 - 9*n + 1470 - 909. Give u(-3).
49
Let w(x) = x - 1. Let u be w(4). Let r(d) be the second derivative of -d**4/4 - d**3/6 + d**2/2 - 164*d - 19. Calculate r(u).
-29
Let y(f) be the third derivative of 25*f**4/24 + 155*f**2. Calculate y(1).
25
Let v = -16707 + 16703. Let o(p) = p**3 + 4*p**2 - 5*p - 3. Determine o(v).
17
Let c(m) = m**2 + 3*m - 24. Let h(o) = 2*o + 28. Let t be h(-13). Suppose 3*d + 6 = 5*x, 2*d + 31*x = 35*x - t. What is c(d)?
4
Let o(x) = -x**3 + 5*x**2 - x - 3. Let u(h) = -23*h**3 + h**2 + h - 1. Let p be u(1). Let w = 10521 + -10496. Let l = p + w. Give o(l).
12
Let q(u) = u + 10. Let b(s) = 1. Let f = -35 - -51. Suppose -f*j = -12*j + 4. Let m(n) = j*b(n) - q(n). Determine m(0).
-11
Let o(m) = -16 - 14 - 42 + 77 + m. Determine o(-4).
1
Let d(l) = l**2 + 7*l + 2. Suppose z + 8 = 5*z. Let v be z/9 + (-310)/18. Let k = 10 + v. Determine d(k).
2
Let r(d) = -56 + 35 + 20 - d. Let i be (12/(-2) + 3)*(-2 + 3). Give r(i).
2
Let g(y) = -y**3 + 8*y**2 - 13*y + 3. Let b be ((-28)/(-5))/((-90)/(-225)). Suppose 0 = b*c - 25 - 59. Give g(c).
-3
Let y(n) = -2*n - 1. Let d(i) = -i**2 - 38*i - 205. Let r be d(-31). Let v be (-32)/24*(-27)/r - 4. Calculate y(v).
1
Let f = -14 - -8. Let g be (2 + f - -6)*(-1)/2. Let p(w) = 12*w + 1. Determine p(g).
-11
Let q(m) = m**2 - m - 17. Let v = -135 - -135. Let p be -1*((0 + v)/5)/(-2). What is q(p)?
-17
Suppose -10 = -o - 3. Let c(h) be the third derivative of -h**6/120 + 7*h**5/60 - h**4/24 + h**3/3 + 238*h**2. Determine c(o).
-5
Suppose -3*v - 5*t = -25, -v = 2*t + 2*t - 6. Suppose v*m = 13*m - 3. Let g(k) = 7*k**3 - 5*k**2 + 9*k**3 + k - m - 15*k**3. Determine g(5).
4
Let p be 2/(2/5) - (6 + -6). Let b(d) = -1 + 4*d**2 + 5*d - p*d**2 + 2*d + 3*d. Let g(n) = -9*n - 122. Let q be g(-14). Give b(q).
23
Let n(r) = r**3 + 4*r**2 - 4*r**3 - 2 - 4*r + r + r. Suppose 40*o - 47*o = -14. What is n(o)?
-14
Let v(r) = 6*r + 159 - 201 - 3. What is v(7)?
-3
Let b(r) = -6*r + 2. Let k be 8/(-3)*(-3)/4. Let v be 13 + k + 3 + 3. Let s = -19 + v. Calculate b(s).
-10
Let f(w) = -w**3 + 5*w**2 + 2*w + 1. Let i be (9/36)/((-3)/24*2). Give f(i).
5
Let k(c) = -c**3 - 9*c**2 - 2*c + 18. Suppose -31*h = -32*h - 3*l + 4, -3*l = -3*h - 36. Determine k(h).
-30
Let z(y) be the third derivative of -y**6/120 + y**5/3 - 49*y**4/12 - 29*y**3/6 - 443*y**2 - 5. Calculate z(10).
-9
Let z(y) be the first derivative of 1/4*y**4 - 1/2*y**2 + y**3 + y - 26. Determine z(-2).
7
Suppose 0*w = 5*w + 10, 2*c + 3*w = 8. Let h(l) = -5*l - c + 2*l + 10. Calculate h(7).
-18
Let g(b) be the third derivative of -2*b**4/3 + 53*b**3/6 - 2899*b**2. What is g(4)?
-11
Let h = 10 - 1. Let m(k) be the first derivative of -k**2 + 10*k - 1453. Calculate m(h).
-8
Let t be ((-1 - -1) + -4)*475/(-50). Let s be (-2)/4 - (-4)/(16/t). Let d(a) = -13 + s*a - 20*a - 3 + 10*a. Determine d(-8).
-8
Let c(q) = -155*q**2 + 14*q - 6. Let f(x) = -38*x**2 + 2*x - 1. Let p(d) = -c(d) + 4*f(d). Calculate p(3).
11
Let a(h) = -h**2 + 2*h - 1. Let z(y) = 8*y**2 + 12*y + 8. Let u(j) = 3*a(j) + z(j). Let q(f) = 11*f**2 + 38*f + 11. Let v(l) = -6*q(l) + 13*u(l). Give v(3).
8
Let j(f) = 3*f - 8. Let g(c) = c. Let q be g(5). Suppose -4*o - 424 = 5*m, -o - o - q*m - 222 = 0. Let y = o + 107. What is j(y)?
10
Let m(t) be the first derivative of -7 + 1/4*t**4 + 7/3*t**3 + t**2 + 5*t. Suppose -7*i = -0*i + 49. What is m(i)?
-9
Let s(i) be the third derivative of i**6/30 + i**4/24 + i**3/6 - 2*i**2 - 3*i. Suppose 5*b = -0*b - 10, -j - b = 3. What is s(j)?
-4
Let c(o) = 3*o**2 + 9*o + 9. Let w be (-6)/22 - (-1102)/(-638). Give c(w).
3
Suppose 1 = -h + 2. Let p = h - 2. Let g(w) be the third derivative of w**6/40 + w**5/30 - w**3/6 + 3124*w**2 + 2. What is g(p)?
-2
Let k(o) = o**3 - 4*o**2 - 7*o + 20. Let s = 26536 + -26533. Determine k(s).
-10
Let y(v) = v**3 - 2*v**2 + v - 1. Let p be 1340/(-64) + 5/(-80). Let h = p - -22. What is y(h)?
-1
Let y(d) = -d + 34. Let g = 8434 + -8428. Give y(g).
28
Let d(r) = -35*r**2 - 6*r - 113. Let m(v) = -22*v**2 - 4*v - 75. Let b(f) = 5*d(f) - 8*m(f). Determine b(0).
35
Let c be 93/7 - 4/14. Let h(t) = 11*t**2 + 9*t + 13. Let k(o) = 15*o**2 + 8*o + 14. Let p(y) = 4*h(y) - 3*k(y). What is p(c)?
-3
Let w = 909 + -910. Let a(z) = -27*z**3 + 2*z + 1. What is a(w)?
26
Let s(p) = -27 - 3*p + 58 - 37. Let z(x) = 7*x + 14. Let a(v) = -5*s(v) - 2*z(v). Determine a(3).
5
Let s(i) = 40*i**2 - 4*i. Let m be s(-5). Suppose m*a - 1023*a - 12 = 0. Let q(p) = -p**3 - 4*p**2 - 5*p - 6. Calculate q(a).
14
Let w be (-3)/(-2)*(-4)/(-12)*2. Suppose x + 1 + w = 0. Let i(q) = q**2 - 22*q - 6*q**2 - q**3 + 20*q. Calculate i(x).
-8
Let z(k) = k**3 + 10*k**2 + 10*k - 6. Suppose -28*h + 33*h = 1575. Let u = h - 324. Give z(u).
-15
Let s(l) = -6*l**3 + l + 0*l - 4*l**2 + 4 + 7*l**3. Let t = 1765 - 1761. Determine s(t).
8
Let h(a) = -5*a**2 + 1277132 + a**2 + 4*a + 7*a - 3*a - 1277125 - a**3. What is h(-5)?
-8
Let b(q) = -q + q**3 - 9*q - 10*q**2 - 1 + 3*q**2 - 4*q**2 - 2*q. Determine b(12).
-1
Let o = 6767 + -6792. Let d(z) = -z**2 - 30*z - 130. Give d(o).
-5
Let k(y) = y**2 - 5*y - 1. Let s(r) = -r**2 + 6*r + 2. Let q(m) = -22*m - 262. Let x be q(-12). Let g(d) = x*s(d) + 3*k(d). Determine g(5).
11
Let w(c) be the first derivative of -c**4/4 - 8*c**3/3 - 13*c**2/2 + 7*c - 3506. What is w(-3)?
1
Let d(g) = 23*g + 5. Let u be 1/((-3 + 2)/5). Let s(h) be the second derivative of -5*h**3/2 - 3*h**2/2 - 74*h + 3. Let c(f) = u*d(f) - 8*s(f). What is c(-1)?
-6
Let t(y) = 2*y - 3. Let f = -9 - -16. Suppose q + 9 = f. Calculate t(q).
-7
Let w(b) be the first derivative of b**4/4 + 10*b**3/3 + 9*b**2/2 + 2*b + 494. Calculate w(-9).
2
Let r(z) = -3*z - 5*z**2 + 5 - 3*z**3 + 0*z**2 - 6*z**2 + 6*z**2 - 11*z**2. Give r(-5).
-5
Let v = 598 - 600. Let f(c) = 3*c + 2. Let r(d) = -4*d - 2. Let m(o) = 5*f(o) + 4*r(o). What is m(v)?
4
Let q(j) = -2*j + 